 Let a = 18 - 13. Calculate the remainder when (6 + -2)/(i/4) is divided by a.
3
Suppose -5*w + 1 = 11. Let h be 16 + w/1 - -1. Suppose -h = l - 4*l. Calculate the remainder when 8 is divided by l.
3
Let l(p) = 2*p**3 - p**2 - 5*p + 4. Let j be (-2)/14 - (-253)/7. Calculate the remainder when l(3) is divided by (-330)/(-27) - 8/j.
10
Let x = -50 + 32. Let v = 37 + x. What is the remainder when v is divided by 7?
5
Let k be 1/(1 + (-10)/8). Calculate the remainder when (-73)/(-5) - (-6)/15 is divided by ((-4)/(-10))/(k/(-60)).
3
Let o = 22 + 0. Calculate the remainder when 41 is divided by o.
19
Let z(k) = 2*k**2 + 4*k - 6. Let w be z(5). Let x = w + -30. Calculate the remainder when 31 is divided by x/4*(-2)/(-1).
14
Let c be ((-1)/(-2))/((-2)/96). Let o = c + 44. Calculate the remainder when 58 is divided by o.
18
Let i = 83 + -19. What is the remainder when i is divided by 13?
12
Let f(j) = j**3 + 6*j**2 + 6*j + 5. Calculate the remainder when 46 is divided by f(-4).
7
Suppose -b + 7 = -3. Suppose -t + 4*t - 24 = 0. Suppose 2*u - t = 4. Calculate the remainder when b is divided by u.
4
Let l = 87 - 138. Calculate the remainder when 38 is divided by 8*(-3 - l/12).
8
Let j be 0/1 - -1 - -1. Let g = j + 25. Calculate the remainder when g is divided by 10.
7
Let i = -6 - -21. Suppose -2*c + 44 = k - 3*c, 8 = -2*c. What is the remainder when k is divided by i?
10
Let j = -15 - -25. Calculate the remainder when j is divided by ((-5)/(125/(-35)))/((-2)/(-10)).
3
Let x be 36/(-45)*(-115)/2. Suppose 4*r = 2*r + x. Calculate the remainder when 90 is divided by r.
21
Let a = 0 - -16. Calculate the remainder when a is divided by 5.
1
Suppose 0 = -8*h + 109 + 387. Calculate the remainder when h is divided by 16.
14
Let y = -7 + 9. What is the remainder when (0 + (-1)/y)*-22 is divided by 7?
4
Let k = -26 + 37. What is the remainder when k is divided by 6?
5
Let h(g) = -2*g**3 + 4*g**2 + 6*g + 1. Calculate the remainder when h(-3) is divided by 19.
16
Let i = 28 - 17. What is the remainder when 42 is divided by i?
9
Let s = 7 + 2. Suppose -3*p + 78 = -0*p. What is the remainder when p is divided by s?
8
Let c(x) = -x**3 + 4*x**2 + 2*x + 6. Let q be c(5). Let v = q + -11. Let h = -8 - v. What is the remainder when 35 is divided by h?
11
Let o = 13 + -39. Let x = -19 - o. Calculate the remainder when 34 is divided by x.
6
Suppose -7*o + 0*o = -168. What is the remainder when 44 is divided by o?
20
Suppose -3*b + 33 + 24 = 0. Let r(h) be the second derivative of 5*h**4/6 + h. What is the remainder when b is divided by r(1)?
9
Suppose 0 = m - 2*m + 4*x + 31, 5*x = 5*m - 155. Let o = m - 0. What is the remainder when 61 is divided by o?
30
Let a be (-816)/(-216) + 2/9. Suppose a*z = 60 + 20. Let i(o) = -o**3 + 8*o**2 - 6*o - 7. Calculate the remainder when i(5) is divided by z.
18
Let q be (-18)/63 - 254/(-7). What is the remainder when 0 + -1 - (2 - 44) is divided by (q/30)/(4/70)?
20
Let x = 15 - 0. Let f = x - -26. Calculate the remainder when f is divided by 21.
20
Let q = -54 - -65. Suppose h + 13 = 66. What is the remainder when h is divided by q?
9
Let k = -7 + 7. Suppose -2*t + 3*t - 15 = k. What is the remainder when t is divided by 4?
3
Let i(v) = v**2 + 42. Let q be i(0). Suppose j + j = q. Let h(t) = t**2 - 3. Calculate the remainder when j is divided by h(-3).
3
Let u(z) = -z**3 - 5*z**2 + 8*z + 3. Let g be u(-7). Let v = -9 + g. Calculate the remainder when v is divided by 13.
10
Let a(p) = 47*p. Let n be a(1). Let i = 71 - n. What is the remainder when 23 is divided by i*(0 - (-1)/2)?
11
Suppose -o = -6*o - 3*z + 50, 4*o - 32 = -4*z. What is the remainder when 20 is divided by o?
7
Suppose -11*g - 25 = -16*g. What is the remainder when 9 is divided by g?
4
Let r(f) = -29*f + 1. Let i be r(1). Let s = -14 - i. What is the remainder when s is divided by 4?
2
Let a(c) = c. Let s(n) = n**2 + 4*n - 6. Let q be s(-6). Let z be a(q). Let w(l) = -l**3 + 6*l**2 + l + 4. Calculate the remainder when 19 is divided by w(z).
9
Suppose 0*p - 99 = 3*p. Let x be (-1)/(-3) + p/(-9). Suppose -40 = -f + q, 0 = -x*f + 8*f - q - 145. What is the remainder when f is divided by 18?
17
What is the remainder when 538/9 + 14/63 is divided by 16?
12
Suppose 5*r - 3*c + 419 + 377 = 0, -2*c = -5*r - 794. Let m = r + 237. What is the remainder when m is divided by 16?
15
Let q(a) = 16*a**3 + a**2 - 2*a + 1. Let d be q(1). Suppose 4*m + 8 - 77 = 3*w, m = w + d. Calculate the remainder when 81 is divided by m.
18
Let v = 11 - 2. Suppose -3*d + 27 = 4*z, -z - 22 = 4*d - v*d. Suppose -z*u = -41 - 49. What is the remainder when u is divided by 16?
14
Suppose 1 - 5 = -4*n. Calculate the remainder when n is divided by 1.
0
Let k(v) = -2*v + 11 + 0*v + v. Let w be k(8). Let l(n) = 4*n**2 + 4*n - 2. What is the remainder when l(w) is divided by 16?
14
Suppose 0*n - 25 = 5*n. Let g(i) = 20*i + 3. Calculate the remainder when g(1) is divided by (-6)/(-15) - 58/n.
11
Suppose 0*d = 4*d - 24. Calculate the remainder when 10 is divided by d.
4
Suppose 2*j = 2*k + 5*j - 10, -3*j - 46 = -5*k. What is the remainder when -3*22/9*-3 is divided by k?
6
Suppose 67 = 4*t - 85. Suppose -23*d + 20*d + 39 = 0. What is the remainder when t is divided by d?
12
Suppose 4*t - 156 = 2*t. Suppose -2*b - 51 = -5*o + 41, -4*o - b = -84. What is the remainder when t is divided by o?
18
Let c(m) be the first derivative of -9*m**2/2 - 12*m + 2. Calculate the remainder when c(-6) is divided by 15.
12
Let u(i) = i**2 + 4*i - 4. Let y be u(-5). What is the remainder when y/(-2 - (-75)/37) is divided by 13?
11
Let a = 0 + 3. Suppose -a*d - 27 = -6*d. What is the remainder when 35 is divided by d?
8
Suppose 3*n - 25 = 4*p, -5*n + 4*p + 22 = -25. What is the remainder when 21 is divided by n?
10
Let x(n) = n**2 - 8*n - 13. Let p be x(9). Let s = p - -7. Suppose s*r - 3*l - 26 = 79, 15 = -5*l. What is the remainder when r is divided by 17?
15
Let u(b) = -b**3 - 5*b**2 + 8. What is the remainder when 15 is divided by u(-5)?
7
Let k = -82 - -129. What is the remainder when k is divided by 18?
11
Suppose 9*n - 5*n - 2 = -a, 0 = 5*a + 3*n - 27. What is the remainder when 124 is divided by a?
4
Let g(t) = -t**2 + t**2 + 1 - 10*t**3 + 3*t - 2*t. What is the remainder when (-1)/(-4) + 111/4 is divided by g(-1)?
8
What is the remainder when 2/(-5) + (-92)/(-5) is divided by 10?
8
Suppose 6*j - 79 - 41 = 0. Calculate the remainder when 95 is divided by j.
15
Let h(i) = -12*i - 4. Let z be h(3). Let c(n) = -29*n**2 - n. Let b be c(-1). Let g = b - z. Calculate the remainder when g is divided by 7.
5
What is the remainder when -11 + 14 - (0 + -132) is divided by 23?
20
Suppose -q - 224 = -8*q. Calculate the remainder when 191 is divided by q.
31
Let d = -9 + -1. Suppose -75 = -5*a - 20. What is the remainder when a is divided by (-64)/(-10) + 4/d?
5
Suppose -5*z - 2*w = -539 + 78, -5*z + 452 = -w. What is the remainder when z is divided by 31?
29
Let k(u) be the first derivative of -u**3/3 - u**2 + 3*u - 4. Let s be k(-3). Suppose -g + 33 = -s. What is the remainder when g is divided by 17?
16
Let n(c) = c**2 - 2*c - 5. What is the remainder when n(9) is divided by 20?
18
Suppose -l - l + 18 = 0. Suppose 4*k = l*k - 95. Let i = -4 + k. What is the remainder when 58 is divided by i?
13
Let v(f) = f**3 + 22*f**2 - 24*f - 21. What is the remainder when 9 is divided by v(-23)?
1
Let y(f) = 3 + f - 2 + f**2 + 0*f. Let x be 12/8*(2 + -4). What is the remainder when 27 is divided by y(x)?
6
Let y(k) = -k**2 + 7*k + 1. Let d(l) = -l**2 - 7*l + 7. What is the remainder when d(-4) is divided by y(6)?
5
Suppose -2*y + 7*y - 5*c = 40, 2*y - 12 = -2*c. What is the remainder when 31 is divided by y?
3
Let p be (-1)/((-26)/8 - -3). Suppose 55 = 4*v + 5*u, -2*v + u - 23 = -p*v. Calculate the remainder when 27 is divided by v.
7
Let b = 34 + -28. Calculate the remainder when 11 is divided by b.
5
Let c = 1 + 0. Let r be c - 1 - (5 - 7). Suppose -4*p + r*k - 3*k + 16 = 0, -k = -p + 9. Calculate the remainder when 13 is divided by p.
3
Let d(b) = -b - 15. Suppose 0 = -4*l + 2*l + 4. Let u = 6 - l. Calculate the remainder when d(-26) is divided by u.
3
Suppose -2*s - p = -3*p - 120, 5*p = -3*s + 180. What is the remainder when s is divided by 